{"id":29,"date":"2016-03-10T18:20:49","date_gmt":"2016-03-10T17:20:49","guid":{"rendered":"http:\/\/www.bellecourpatrimoine.fr\/gestion-de-patrimoine\/?page_id=29"},"modified":"2016-04-28T13:27:40","modified_gmt":"2016-04-28T12:27:40","slug":"delegation-assurance-emprunteur","status":"publish","type":"page","link":"https:\/\/www.bellecourpatrimoine.fr\/gestion-de-patrimoine\/credits\/delegation-assurance-emprunteur\/","title":{"rendered":"D\u00e9l\u00e9gation Assurance emprunteur"},"content":{"rendered":"<p>La d\u00e9l\u00e9gation d&rsquo;assurance d&rsquo;un pr\u00eat immobilier, c&rsquo;est le fait de prendre une assurance diff\u00e9rente de celle que vous propose votre banque.<\/p>\n<p>Cela laisse la possibilit\u00e9 de choisir le meilleur contrat en fonction de votre profil (fumeur, m\u00e9tier \u00e0 risque, sport \u00e0 risque, &#8230;)<\/p>\n<p>Les 2 principaux avantages :<\/p>\n<ul>\n<li>le prix : Nous s\u00e9lectionnons les contrats d&rsquo;assurances les plus comp\u00e9titifs<\/li>\n<li>les garanties : Nous avons au strict minimum les m\u00eames garanties\u00a0que l&rsquo;assurance groupe de la banque ;\u00a0vous pouvez\u00a0aussi ajouter des options suppl\u00e9mentaires pour vous prot\u00e9ger de tous les risques de sant\u00e9. Vous pouvez aussi choisir l&rsquo;option : perte d&#8217;emploi<\/li>\n<\/ul>\n<p>Vous venez de signer un compromis ?\u00a0Vous avez contract\u00e9 un pr\u00eat immobilier il y a moins de 12 mois\u00a0 ?<\/p>\n<p>&nbsp;<\/p>\n","protected":false},"excerpt":{"rendered":"<p>La d\u00e9l\u00e9gation d&rsquo;assurance d&rsquo;un pr\u00eat immobilier, c&rsquo;est le fait de prendre une assurance diff\u00e9rente de celle que vous propose votre banque. Cela laisse la possibilit\u00e9 de choisir le meilleur contrat en fonction de votre profil (fumeur, m\u00e9tier \u00e0 risque, sport \u00e0 risque, &#8230;) Les 2 principaux avantages : le prix : Nous s\u00e9lectionnons les contrats [&hellip;]<\/p>\n","protected":false},"author":1,"featured_media":0,"parent":19,"menu_order":0,"comment_status":"closed","ping_status":"closed","template":"page-templates\/page-right-sidebar.php","meta":[],"_links":{"self":[{"href":"https:\/\/www.bellecourpatrimoine.fr\/gestion-de-patrimoine\/wp-json\/wp\/v2\/pages\/29"}],"collection":[{"href":"https:\/\/www.bellecourpatrimoine.fr\/gestion-de-patrimoine\/wp-json\/wp\/v2\/pages"}],"about":[{"href":"https:\/\/www.bellecourpatrimoine.fr\/gestion-de-patrimoine\/wp-json\/wp\/v2\/types\/page"}],"author":[{"embeddable":true,"href":"https:\/\/www.bellecourpatrimoine.fr\/gestion-de-patrimoine\/wp-json\/wp\/v2\/users\/1"}],"replies":[{"embeddable":true,"href":"https:\/\/www.bellecourpatrimoine.fr\/gestion-de-patrimoine\/wp-json\/wp\/v2\/comments?post=29"}],"version-history":[{"count":4,"href":"https:\/\/www.bellecourpatrimoine.fr\/gestion-de-patrimoine\/wp-json\/wp\/v2\/pages\/29\/revisions"}],"predecessor-version":[{"id":203,"href":"https:\/\/www.bellecourpatrimoine.fr\/gestion-de-patrimoine\/wp-json\/wp\/v2\/pages\/29\/revisions\/203"}],"up":[{"embeddable":true,"href":"https:\/\/www.bellecourpatrimoine.fr\/gestion-de-patrimoine\/wp-json\/wp\/v2\/pages\/19"}],"wp:attachment":[{"href":"https:\/\/www.bellecourpatrimoine.fr\/gestion-de-patrimoine\/wp-json\/wp\/v2\/media?parent=29"}],"curies":[{"name":"wp","href":"https:\/\/api.w.org\/{rel}","templated":true}]}}