{"id":739,"date":"2017-03-03T17:17:33","date_gmt":"2017-03-03T16:17:33","guid":{"rendered":"http:\/\/www.bellecourpatrimoine.fr\/defiscalisation-au-portugal\/?page_id=739"},"modified":"2019-05-27T23:20:20","modified_gmt":"2019-05-27T22:20:20","slug":"biens-immobiliers-dans-la-region-de-lalgarve","status":"publish","type":"page","link":"https:\/\/www.bellecourpatrimoine.fr\/defiscalisation-au-portugal\/biens-immobiliers-dans-la-region-de-lalgarve\/","title":{"rendered":"R\u00e9gion de l&rsquo;Algarve"},"content":{"rendered":"<div class=\"fw-page-builder-content\">\n<h2>Nous avons un choix important de biens immobiliers qui ne sont pas tous r\u00e9f\u00e9renc\u00e9s sur notre site internet ; nous avons des biens pour tous les budgets.<\/h2>\n<p> <a href=\"http:\/\/www.bellecourpatrimoine.fr\/defiscalisation-au-portugal\/expatriation-au-portugal\/\" target=\"_blank\"><img decoding=\"async\" src=\"\/\/www.bellecourpatrimoine.fr\/defiscalisation-au-portugal\/wp-content\/uploads\/sites\/7\/2017\/03\/uptown-1.jpg\" alt=\"\/\/www.bellecourpatrimoine.fr\/defiscalisation-au-portugal\/wp-content\/uploads\/sites\/7\/2017\/03\/uptown-1.jpg\" \/><\/a><\/p>\n<h2 style=\"text-align: center\"><a href=\"http:\/\/www.bellecourpatrimoine.fr\/defiscalisation-au-portugal\/expatriation-au-portugal\/\" target=\"_blank\" rel=\"noopener noreferrer\">UPTOWN<\/a><\/h2>\n<p style=\"text-align: center\"><a href=\"http:\/\/www.bellecourpatrimoine.fr\/defiscalisation-au-portugal\/expatriation-au-portugal\/\" target=\"_blank\" rel=\"noopener noreferrer\">L\u2019attrait du calme et de la verdure : un esprit village \u00e0 proximit\u00e9 des Golfs<\/a><\/p>\n<p style=\"text-align: center\"><a href=\"http:\/\/www.bellecourpatrimoine.fr\/defiscalisation-au-portugal\/expatriation-au-portugal\/\" target=\"_blank\" rel=\"noopener noreferrer\">385 000 \u20ac \u00e0 465 000 \u20ac<\/a><\/p>\n<p> <a href=\"http:\/\/www.bellecourpatrimoine.fr\/defiscalisation-au-portugal\/expatriation-au-portugal\/\" target=\"_blank\"><img decoding=\"async\" src=\"\/\/www.bellecourpatrimoine.fr\/defiscalisation-au-portugal\/wp-content\/uploads\/sites\/7\/2017\/03\/central.jpg\" alt=\"\/\/www.bellecourpatrimoine.fr\/defiscalisation-au-portugal\/wp-content\/uploads\/sites\/7\/2017\/03\/central.jpg\" \/><\/a><\/p>\n<h2 style=\"text-align: center\"><a href=\"http:\/\/www.bellecourpatrimoine.fr\/defiscalisation-au-portugal\/expatriation-au-portugal\/\" target=\"_blank\" rel=\"noopener noreferrer\">CENTRAL<\/a><\/h2>\n<p style=\"text-align: center\"><a href=\"http:\/\/www.bellecourpatrimoine.fr\/defiscalisation-au-portugal\/expatriation-au-portugal\/\" target=\"_blank\" rel=\"noopener noreferrer\">Une adresse de prestige, dans un parc priv\u00e9 \u00e0 5 minutes de la Marina<\/a><\/p>\n<p style=\"text-align: center\"><a href=\"http:\/\/www.bellecourpatrimoine.fr\/defiscalisation-au-portugal\/expatriation-au-portugal\/\" target=\"_blank\" rel=\"noopener noreferrer\">590 000 \u20ac \u00e0 1 150 000 \u20ac<\/a><\/p>\n<p>Notre s\u00e9lection du mois dernier :<\/p>\n<p>Spacieux Appartements de 3 chambres proche du centre de Lagos pr\u00e8s de toutes les commodit\u00e9s.<\/p>\n<p>Cette copropri\u00e9t\u00e9 de luxe priv\u00e9e se trouve dans une localisation privil\u00e9gi\u00e9e \u00e0 seulement quelques minutes \u00e0 pied de la Marina, la plage Meia Praia et du centre-ville.<\/p>\n<p>Les appartements sont tr\u00e8s spacieux et lumineux, ils disposent de 3 chambres et 2 salles de bains, un grand balcon et une cuisine enti\u00e8rement \u00e9quip\u00e9e. Tous les appartements disposent de climatisation, chauffage, panneaux solaire et stores \u00e9lectriques Tous ces petits d\u00e9tails modernes font de ces appartements l\u2019endroit parfait!<\/p>\n<p>Il y a aussi un parking souterrain, une piscine, un sauna et un gymnase.<\/p>\n<p>Prix \u00e0 partir de: 275.000\u20ac<\/p>\n<p><a href=\"http:\/\/www.bellecourpatrimoine.fr\/defiscalisation-au-portugal\/region-algarve__trashed\/3d_edificio_20161128-jpg-770x437-thumb\/\" rel=\"attachment wp-att-704\"><img decoding=\"async\" loading=\"lazy\" class=\"alignnone size-full wp-image-704\" src=\"http:\/\/www.bellecourpatrimoine.fr\/defiscalisation-au-portugal\/wp-content\/uploads\/sites\/7\/2017\/02\/3D_Edificio_20161128.jpg.770x437.thumb_.jpg\" alt=\"\" width=\"770\" height=\"437\" srcset=\"https:\/\/www.bellecourpatrimoine.fr\/defiscalisation-au-portugal\/wp-content\/uploads\/sites\/7\/2017\/02\/3D_Edificio_20161128.jpg.770x437.thumb_.jpg 770w, https:\/\/www.bellecourpatrimoine.fr\/defiscalisation-au-portugal\/wp-content\/uploads\/sites\/7\/2017\/02\/3D_Edificio_20161128.jpg.770x437.thumb_-300x170.jpg 300w, https:\/\/www.bellecourpatrimoine.fr\/defiscalisation-au-portugal\/wp-content\/uploads\/sites\/7\/2017\/02\/3D_Edificio_20161128.jpg.770x437.thumb_-768x436.jpg 768w\" sizes=\"(max-width: 770px) 100vw, 770px\" \/><\/a> <a href=\"http:\/\/www.bellecourpatrimoine.fr\/defiscalisation-au-portugal\/region-algarve__trashed\/int_001_20161214-jpg-770x437-thumb\/\" rel=\"attachment wp-att-705\"><img decoding=\"async\" loading=\"lazy\" class=\"alignnone size-full wp-image-705\" src=\"http:\/\/www.bellecourpatrimoine.fr\/defiscalisation-au-portugal\/wp-content\/uploads\/sites\/7\/2017\/02\/Int_001_20161214.jpg.770x437.thumb_.jpg\" alt=\"\" width=\"770\" height=\"437\" srcset=\"https:\/\/www.bellecourpatrimoine.fr\/defiscalisation-au-portugal\/wp-content\/uploads\/sites\/7\/2017\/02\/Int_001_20161214.jpg.770x437.thumb_.jpg 770w, https:\/\/www.bellecourpatrimoine.fr\/defiscalisation-au-portugal\/wp-content\/uploads\/sites\/7\/2017\/02\/Int_001_20161214.jpg.770x437.thumb_-300x170.jpg 300w, https:\/\/www.bellecourpatrimoine.fr\/defiscalisation-au-portugal\/wp-content\/uploads\/sites\/7\/2017\/02\/Int_001_20161214.jpg.770x437.thumb_-768x436.jpg 768w\" sizes=\"(max-width: 770px) 100vw, 770px\" \/><\/a><\/p>\n<p><a href=\"http:\/\/www.bellecourpatrimoine.fr\/defiscalisation-au-portugal\/region-algarve__trashed\/int_002_20161214-jpg-770x437-thumb\/\" rel=\"attachment wp-att-706\"><img decoding=\"async\" loading=\"lazy\" class=\"alignnone size-full wp-image-706\" src=\"http:\/\/www.bellecourpatrimoine.fr\/defiscalisation-au-portugal\/wp-content\/uploads\/sites\/7\/2017\/02\/Int_002_20161214.jpg.770x437.thumb_.jpg\" alt=\"\" width=\"770\" height=\"437\" srcset=\"https:\/\/www.bellecourpatrimoine.fr\/defiscalisation-au-portugal\/wp-content\/uploads\/sites\/7\/2017\/02\/Int_002_20161214.jpg.770x437.thumb_.jpg 770w, https:\/\/www.bellecourpatrimoine.fr\/defiscalisation-au-portugal\/wp-content\/uploads\/sites\/7\/2017\/02\/Int_002_20161214.jpg.770x437.thumb_-300x170.jpg 300w, https:\/\/www.bellecourpatrimoine.fr\/defiscalisation-au-portugal\/wp-content\/uploads\/sites\/7\/2017\/02\/Int_002_20161214.jpg.770x437.thumb_-768x436.jpg 768w\" sizes=\"(max-width: 770px) 100vw, 770px\" \/><\/a><\/p>\n<p>Superbe bien \u00e0 Porto de M\u00f3s, Lagos. Unique en son genre, \u00e0 l&rsquo;\u00e9tage sup\u00e9rieur de l&rsquo;immeuble. Dispose de 2 chambres, une salle de bains, deux avec placards, un grand salon avec 2 grands balcons &#8211; une exposition sud id\u00e9ale pour le bain de soleil, et d&rsquo;autres orient\u00e9s vers le nord, invitant \u00e0 d\u00eener en plein air! La spacieuse cuisine est compl\u00e8tement \u00e9quip\u00e9e. L&rsquo;appartement situ\u00e9 dans une copropri\u00e9t\u00e9 ferm\u00e9e avec un cadre de jardin d\u00e9licieusement tranquille et piscine partag\u00e9e. En sous-sol stationnement privatif. Superbes finitions!<\/p>\n<p>2 chambres<\/p>\n<p>2 salles de bains<\/p>\n<p>115 m2<\/p>\n<p>Prix\u00a0: 219\u00a0000 \u20ac<\/p>\n<p><a href=\"http:\/\/www.bellecourpatrimoine.fr\/defiscalisation-au-portugal\/region-algarve__trashed\/1_20170118-jpg-770x437-thumb\/\" rel=\"attachment wp-att-696\"><img decoding=\"async\" loading=\"lazy\" class=\"alignnone size-full wp-image-696\" src=\"http:\/\/www.bellecourpatrimoine.fr\/defiscalisation-au-portugal\/wp-content\/uploads\/sites\/7\/2017\/02\/1_20170118.jpg.770x437.thumb_.jpg\" alt=\"\" width=\"770\" height=\"437\" srcset=\"https:\/\/www.bellecourpatrimoine.fr\/defiscalisation-au-portugal\/wp-content\/uploads\/sites\/7\/2017\/02\/1_20170118.jpg.770x437.thumb_.jpg 770w, https:\/\/www.bellecourpatrimoine.fr\/defiscalisation-au-portugal\/wp-content\/uploads\/sites\/7\/2017\/02\/1_20170118.jpg.770x437.thumb_-300x170.jpg 300w, https:\/\/www.bellecourpatrimoine.fr\/defiscalisation-au-portugal\/wp-content\/uploads\/sites\/7\/2017\/02\/1_20170118.jpg.770x437.thumb_-768x436.jpg 768w\" sizes=\"(max-width: 770px) 100vw, 770px\" \/><\/a><\/p>\n<p><a href=\"http:\/\/www.bellecourpatrimoine.fr\/defiscalisation-au-portugal\/region-algarve__trashed\/6_20170118-jpg-770x437-thumb\/\" rel=\"attachment wp-att-699\"><img decoding=\"async\" loading=\"lazy\" class=\"alignnone size-full wp-image-699\" src=\"http:\/\/www.bellecourpatrimoine.fr\/defiscalisation-au-portugal\/wp-content\/uploads\/sites\/7\/2017\/02\/6_20170118.jpg.770x437.thumb_.jpg\" alt=\"\" width=\"770\" height=\"437\" srcset=\"https:\/\/www.bellecourpatrimoine.fr\/defiscalisation-au-portugal\/wp-content\/uploads\/sites\/7\/2017\/02\/6_20170118.jpg.770x437.thumb_.jpg 770w, https:\/\/www.bellecourpatrimoine.fr\/defiscalisation-au-portugal\/wp-content\/uploads\/sites\/7\/2017\/02\/6_20170118.jpg.770x437.thumb_-300x170.jpg 300w, https:\/\/www.bellecourpatrimoine.fr\/defiscalisation-au-portugal\/wp-content\/uploads\/sites\/7\/2017\/02\/6_20170118.jpg.770x437.thumb_-768x436.jpg 768w\" sizes=\"(max-width: 770px) 100vw, 770px\" \/><\/a><\/p>\n<p><a href=\"http:\/\/www.bellecourpatrimoine.fr\/defiscalisation-au-portugal\/region-algarve__trashed\/5_20170118-jpg-770x437-thumb\/\" rel=\"attachment wp-att-698\"><img decoding=\"async\" loading=\"lazy\" class=\"alignnone size-full wp-image-698\" src=\"http:\/\/www.bellecourpatrimoine.fr\/defiscalisation-au-portugal\/wp-content\/uploads\/sites\/7\/2017\/02\/5_20170118.jpg.770x437.thumb_.jpg\" alt=\"\" width=\"770\" height=\"437\" srcset=\"https:\/\/www.bellecourpatrimoine.fr\/defiscalisation-au-portugal\/wp-content\/uploads\/sites\/7\/2017\/02\/5_20170118.jpg.770x437.thumb_.jpg 770w, https:\/\/www.bellecourpatrimoine.fr\/defiscalisation-au-portugal\/wp-content\/uploads\/sites\/7\/2017\/02\/5_20170118.jpg.770x437.thumb_-300x170.jpg 300w, https:\/\/www.bellecourpatrimoine.fr\/defiscalisation-au-portugal\/wp-content\/uploads\/sites\/7\/2017\/02\/5_20170118.jpg.770x437.thumb_-768x436.jpg 768w\" sizes=\"(max-width: 770px) 100vw, 770px\" \/><\/a><\/p>\n<p>Appartement situ\u00e9 dans le village de Luz dans un complexe r\u00e9cent aux influences architecturales romaines et m\u00e9diterran\u00e9ennes. L&rsquo;am\u00e9nagement paysager comprend des jardins envahis de cypr\u00e8s, d&rsquo;oliviers et de palmiers avec des arbustes de lavande. Avec 2 grandes piscines, une aire de jeux pour enfants et des jardins tranquilles, c&rsquo;est une destination de vacances id\u00e9ale. Climatisation, chauffage par le sol et beaucoup plus des finitions de haute qualit\u00e9 agr\u00e9mentent ce bien.<\/p>\n<p>Surface de Construction:115 m2<\/p>\n<p>2 chambres<\/p>\n<p>2 salles de Bain<\/p>\n<p>Prix\u00a0: 220 000 \u20ac<\/p>\n<p><a href=\"http:\/\/www.bellecourpatrimoine.fr\/defiscalisation-au-portugal\/biens-immobiliers-dans-la-region-de-lalgarve\/882_1353685662_20170117-jpg-770x437-thumb\/\" rel=\"attachment wp-att-760\"><img decoding=\"async\" loading=\"lazy\" class=\"alignnone size-full wp-image-760\" src=\"http:\/\/www.bellecourpatrimoine.fr\/defiscalisation-au-portugal\/wp-content\/uploads\/sites\/7\/2017\/03\/882_1353685662_20170117.jpg.770x437.thumb_.jpg\" alt=\"\" width=\"770\" height=\"437\" srcset=\"https:\/\/www.bellecourpatrimoine.fr\/defiscalisation-au-portugal\/wp-content\/uploads\/sites\/7\/2017\/03\/882_1353685662_20170117.jpg.770x437.thumb_.jpg 770w, https:\/\/www.bellecourpatrimoine.fr\/defiscalisation-au-portugal\/wp-content\/uploads\/sites\/7\/2017\/03\/882_1353685662_20170117.jpg.770x437.thumb_-300x170.jpg 300w, https:\/\/www.bellecourpatrimoine.fr\/defiscalisation-au-portugal\/wp-content\/uploads\/sites\/7\/2017\/03\/882_1353685662_20170117.jpg.770x437.thumb_-768x436.jpg 768w\" sizes=\"(max-width: 770px) 100vw, 770px\" \/><\/a><\/p>\n<p><img decoding=\"async\" loading=\"lazy\" class=\"alignnone size-full wp-image-758\" src=\"http:\/\/www.bellecourpatrimoine.fr\/defiscalisation-au-portugal\/wp-content\/uploads\/sites\/7\/2017\/03\/769_1353685674_20170117.jpg.770x437.thumb_.jpg\" alt=\"\" width=\"770\" height=\"437\" srcset=\"https:\/\/www.bellecourpatrimoine.fr\/defiscalisation-au-portugal\/wp-content\/uploads\/sites\/7\/2017\/03\/769_1353685674_20170117.jpg.770x437.thumb_.jpg 770w, https:\/\/www.bellecourpatrimoine.fr\/defiscalisation-au-portugal\/wp-content\/uploads\/sites\/7\/2017\/03\/769_1353685674_20170117.jpg.770x437.thumb_-300x170.jpg 300w, https:\/\/www.bellecourpatrimoine.fr\/defiscalisation-au-portugal\/wp-content\/uploads\/sites\/7\/2017\/03\/769_1353685674_20170117.jpg.770x437.thumb_-768x436.jpg 768w\" sizes=\"(max-width: 770px) 100vw, 770px\" \/><\/p>\n<p><a href=\"http:\/\/www.bellecourpatrimoine.fr\/defiscalisation-au-portugal\/biens-immobiliers-dans-la-region-de-lalgarve\/881_1353685713_20170117-jpg-770x437-thumb\/\" rel=\"attachment wp-att-759\"><img decoding=\"async\" loading=\"lazy\" class=\"alignnone size-full wp-image-759\" src=\"http:\/\/www.bellecourpatrimoine.fr\/defiscalisation-au-portugal\/wp-content\/uploads\/sites\/7\/2017\/03\/881_1353685713_20170117.jpg.770x437.thumb_.jpg\" alt=\"\" width=\"770\" height=\"437\" srcset=\"https:\/\/www.bellecourpatrimoine.fr\/defiscalisation-au-portugal\/wp-content\/uploads\/sites\/7\/2017\/03\/881_1353685713_20170117.jpg.770x437.thumb_.jpg 770w, https:\/\/www.bellecourpatrimoine.fr\/defiscalisation-au-portugal\/wp-content\/uploads\/sites\/7\/2017\/03\/881_1353685713_20170117.jpg.770x437.thumb_-300x170.jpg 300w, https:\/\/www.bellecourpatrimoine.fr\/defiscalisation-au-portugal\/wp-content\/uploads\/sites\/7\/2017\/03\/881_1353685713_20170117.jpg.770x437.thumb_-768x436.jpg 768w\" sizes=\"(max-width: 770px) 100vw, 770px\" \/><\/a><\/p>\n<p><!-- 7d4e1672495548bb341d3d0061f4d008 --><\/div>\n","protected":false},"excerpt":{"rendered":"<p>Nous avons un choix important de biens immobiliers qui ne sont pas tous r\u00e9f\u00e9renc\u00e9s sur notre site internet ; nous avons des biens pour tous les budgets. UPTOWN L\u2019attrait du calme et de la verdure : un esprit village \u00e0 proximit\u00e9 des Golfs 385 000 \u20ac \u00e0 465 000 \u20ac CENTRAL Une adresse de prestige, [&hellip;]<\/p>\n","protected":false},"author":4,"featured_media":0,"parent":0,"menu_order":4,"comment_status":"closed","ping_status":"closed","template":"","meta":[],"_links":{"self":[{"href":"https:\/\/www.bellecourpatrimoine.fr\/defiscalisation-au-portugal\/wp-json\/wp\/v2\/pages\/739"}],"collection":[{"href":"https:\/\/www.bellecourpatrimoine.fr\/defiscalisation-au-portugal\/wp-json\/wp\/v2\/pages"}],"about":[{"href":"https:\/\/www.bellecourpatrimoine.fr\/defiscalisation-au-portugal\/wp-json\/wp\/v2\/types\/page"}],"author":[{"embeddable":true,"href":"https:\/\/www.bellecourpatrimoine.fr\/defiscalisation-au-portugal\/wp-json\/wp\/v2\/users\/4"}],"replies":[{"embeddable":true,"href":"https:\/\/www.bellecourpatrimoine.fr\/defiscalisation-au-portugal\/wp-json\/wp\/v2\/comments?post=739"}],"version-history":[{"count":23,"href":"https:\/\/www.bellecourpatrimoine.fr\/defiscalisation-au-portugal\/wp-json\/wp\/v2\/pages\/739\/revisions"}],"predecessor-version":[{"id":778,"href":"https:\/\/www.bellecourpatrimoine.fr\/defiscalisation-au-portugal\/wp-json\/wp\/v2\/pages\/739\/revisions\/778"}],"wp:attachment":[{"href":"https:\/\/www.bellecourpatrimoine.fr\/defiscalisation-au-portugal\/wp-json\/wp\/v2\/media?parent=739"}],"curies":[{"name":"wp","href":"https:\/\/api.w.org\/{rel}","templated":true}]}}