{"id":295,"date":"2016-03-30T10:59:46","date_gmt":"2016-03-30T09:59:46","guid":{"rendered":"http:\/\/www.bellecourpatrimoine.fr\/assurance\/?page_id=295"},"modified":"2016-04-28T10:46:32","modified_gmt":"2016-04-28T09:46:32","slug":"faq","status":"publish","type":"page","link":"https:\/\/www.bellecourpatrimoine.fr\/assurance\/faq\/","title":{"rendered":"FAQ"},"content":{"rendered":"<div class=\"fw-page-builder-content\"><section class=\"fw-main-row \"  >\n\t<div class=\"fw-container\">\n\t\t<div class=\"fw-row\">\n\t<div class=\"fw-col-xs-12\">\n\t\n\t<div class=\"fw-divider-space\" style=\"padding-top: 30px;\"><\/div>\n<div class=\"fw-accordion\">\n\t\t\t<h3 class=\"fw-accordion-title\">Pourquoi choisir un courtier ?<\/h3>\n\t\t<div class=\"fw-accordion-content\">\n\t\t\t<p>La mission principale d'un courtier est d'apporter avant tout conseil aux clients en leur proposant les meilleurs offres existantes sur le march\u00e9. <\/p>\n\t\t<\/div>\n\t\t\t<h3 class=\"fw-accordion-title\">Comment est r\u00e9mun\u00e9r\u00e9 le courtier ?<\/h3>\n\t\t<div class=\"fw-accordion-content\">\n\t\t\t<p>Le courtier ne vous facture pas sa prestation. Les compagnies d'assurance lui reversent directement une commission.\r\nVotre contrat est donc plus comp\u00e9titif, car les compagnies ne payent pas de charges sur le courtier (pas de salaire, ni de charges locatives d'une agence, ...).<\/p>\n\t\t<\/div>\n\t\t\t<h3 class=\"fw-accordion-title\">Comment trouver l'assureur qui correspond \u00e0 vos besoins ?<\/h3>\n\t\t<div class=\"fw-accordion-content\">\n\t\t\t<p>Fort d'un temps d'\u00e9change pour comprendre vos attentes, de notre connaissance march\u00e9 et de plus d'une vingtaine de partenaires nous vous trouvons l'offre la plus adapt\u00e9e et la plus avantageuse.<\/p>\n\t\t<\/div>\n\t\t\t<h3 class=\"fw-accordion-title\">Comment \u00e9conomiser du temps et de l'argent ?<\/h3>\n\t\t<div class=\"fw-accordion-content\">\n\t\t\t<p>Passer par un courtier en assurance permet donc \u00e0 un particulier, une PME, une grande entreprise ou une collectivit\u00e9 locale souhaitant souscrire un contrat d'assurance de b\u00e9n\u00e9ficier d'un gain de temps et d'argent non n\u00e9gligeable que ce soit au moment de choisir un contrat d'assurance ou du suivi de celui-ci. Le futur assur\u00e9 peut se voir ainsi proposer, selon la prestation recherch\u00e9e, une consultation, un devis gratuit ou une simulation comparative en ligne et gagner un temps consid\u00e9rable.<\/p>\n\t\t<\/div>\n\t\t\t<h3 class=\"fw-accordion-title\">Comment avoir une offre coh\u00e9rente entre ses diff\u00e9rents contrats ?<\/h3>\n\t\t<div class=\"fw-accordion-content\">\n\t\t\t<p>Un professionnel ind\u00e9pendant identifie rapidement les offres disponibles sur le march\u00e9 en ad\u00e9quation avec son besoin et optimise ses chances de trouver une meilleure assurance auto, une meilleure assurance habitation ou une meilleure assurance vie. Le courtier en assurance a le recul et les connaissances n\u00e9cessaires pour faire en sorte que les diff\u00e9rentes assurances auxquelles vous souscrivez ne se recoupent pas.<\/p>\n\t\t<\/div>\n\t\t\t<h3 class=\"fw-accordion-title\">Comment est g\u00e9rer mon contrat apr\u00e8s signature ?<\/h3>\n\t\t<div class=\"fw-accordion-content\">\n\t\t\t<p>Le travail du courtier d'assurance ne s'arr\u00eate pas \u00e0 la signature du contrat. Il se charge \u00e9galement du suivi et s'assure du respect de ses clauses. Il peut \u00e9galement formuler des propositions \u00e0 son client quand il identifie des offres plus avantageuses sur le march\u00e9 ou lui fournir une aide \u00e0 la r\u00e9siliation. En cas de sinistre, le courtier prend en charge les d\u00e9marches aupr\u00e8s de la compagnie d'assurance. Passer par un courtier en assurance permet ici encore au client de gagner un temps pr\u00e9cieux et d'augmenter ses chances d'obtenir une indemnisation.<\/p>\n\t\t<\/div>\n\t<\/div>\n\t<div class=\"fw-divider-space\" style=\"padding-top: 50px;\"><\/div>\n<\/div>\n<\/div>\n\n\t<\/div>\n<\/section>\n<\/div>\n","protected":false},"excerpt":{"rendered":"","protected":false},"author":1,"featured_media":0,"parent":0,"menu_order":0,"comment_status":"closed","ping_status":"closed","template":"page-templates\/page-right-sidebar.php","meta":[],"_links":{"self":[{"href":"https:\/\/www.bellecourpatrimoine.fr\/assurance\/wp-json\/wp\/v2\/pages\/295"}],"collection":[{"href":"https:\/\/www.bellecourpatrimoine.fr\/assurance\/wp-json\/wp\/v2\/pages"}],"about":[{"href":"https:\/\/www.bellecourpatrimoine.fr\/assurance\/wp-json\/wp\/v2\/types\/page"}],"author":[{"embeddable":true,"href":"https:\/\/www.bellecourpatrimoine.fr\/assurance\/wp-json\/wp\/v2\/users\/1"}],"replies":[{"embeddable":true,"href":"https:\/\/www.bellecourpatrimoine.fr\/assurance\/wp-json\/wp\/v2\/comments?post=295"}],"version-history":[{"count":11,"href":"https:\/\/www.bellecourpatrimoine.fr\/assurance\/wp-json\/wp\/v2\/pages\/295\/revisions"}],"predecessor-version":[{"id":836,"href":"https:\/\/www.bellecourpatrimoine.fr\/assurance\/wp-json\/wp\/v2\/pages\/295\/revisions\/836"}],"wp:attachment":[{"href":"https:\/\/www.bellecourpatrimoine.fr\/assurance\/wp-json\/wp\/v2\/media?parent=295"}],"curies":[{"name":"wp","href":"https:\/\/api.w.org\/{rel}","templated":true}]}}